 hundreds digit of 13422529?
5
What is the hundreds digit of 216995?
9
What is the ten thousands digit of 220293?
2
What is the millions digit of 12434117?
2
What is the millions digit of 2299224?
2
What is the thousands digit of 13476502?
6
What is the thousands digit of 5474578?
4
What is the hundreds digit of 250971?
9
What is the ten thousands digit of 793094?
9
What is the hundred thousands digit of 319854?
3
What is the hundreds digit of 150552?
5
What is the thousands digit of 247112?
7
What is the tens digit of 742644?
4
What is the thousands digit of 356920?
6
What is the hundred thousands digit of 311603?
3
What is the millions digit of 12360446?
2
What is the hundred thousands digit of 640972?
6
What is the ten thousands digit of 197425?
9
What is the thousands digit of 238797?
8
What is the thousands digit of 346377?
6
What is the hundreds digit of 310523?
5
What is the tens digit of 1284529?
2
What is the units digit of 229668?
8
What is the thousands digit of 4087274?
7
What is the hundred thousands digit of 314161?
3
What is the units digit of 1299208?
8
What is the hundreds digit of 494930?
9
What is the hundred thousands digit of 311150?
3
What is the hundreds digit of 350955?
9
What is the hundreds digit of 43742?
7
What is the millions digit of 3352305?
3
What is the units digit of 816886?
6
What is the thousands digit of 880623?
0
What is the hundred thousands digit of 231124?
2
What is the thousands digit of 695416?
5
What is the tens digit of 8968694?
9
What is the hundreds digit of 293181?
1
What is the ten thousands digit of 1911694?
1
What is the hundreds digit of 1860467?
4
What is the tens digit of 1454618?
1
What is the tens digit of 29993083?
8
What is the ten millions digit of 17102174?
1
What is the hundred thousands digit of 197832?
1
What is the hundred thousands digit of 12116468?
1
What is the tens digit of 125426?
2
What is the units digit of 1645761?
1
What is the hundred thousands digit of 259580?
2
What is the hundred thousands digit of 608090?
6
What is the units digit of 47787?
7
What is the tens digit of 3253819?
1
What is the thousands digit of 1257046?
7
What is the millions digit of 7689467?
7
What is the units digit of 5412933?
3
What is the units digit of 223385?
5
What is the thousands digit of 4839590?
9
What is the tens digit of 142792?
9
What is the thousands digit of 7228822?
8
What is the units digit of 2247059?
9
What is the thousands digit of 45500?
5
What is the hundred thousands digit of 2110209?
1
What is the ten thousands digit of 15948760?
4
What is the hundreds digit of 3823901?
9
What is the thousands digit of 2825773?
5
What is the millions digit of 13041282?
3
What is the millions digit of 4914205?
4
What is the units digit of 129218?
8
What is the ten thousands digit of 18510?
1
What is the hundreds digit of 543664?
6
What is the thousands digit of 547126?
7
What is the ten thousands digit of 38991?
3
What is the tens digit of 402611?
1
What is the tens digit of 3503521?
2
What is the tens digit of 41427?
2
What is the hundred thousands digit of 376884?
3
What is the hundreds digit of 19253066?
0
What is the hundreds digit of 184095?
0
What is the ten thousands digit of 120092?
2
What is the tens digit of 12602103?
0
What is the thousands digit of 283212?
3
What is the hundreds digit of 644108?
1
What is the hundreds digit of 86503?
5
What is the units digit of 5369729?
9
What is the millions digit of 3369062?
3
What is the tens digit of 507188?
8
What is the ten thousands digit of 829454?
2
What is the hundred thousands digit of 7308897?
3
What is the thousands digit of 16384?
6
What is the ten thousands digit of 134500?
3
What is the hundred thousands digit of 214273?
2
What is the tens digit of 1818092?
9
What is the ten thousands digit of 586847?
8
What is the thousands digit of 36154?
6
What is the tens digit of 311364?
6
What is the hundreds digit of 8122453?
4
What is the tens digit of 5735949?
4
What is the units digit of 28447918?
8
What is the units digit of 3018967?
7
What is the millions digit of 1465485?
1
What is the hundred thousands digit of 322628?
3
What is the ten thousands digit of 9283493?
8
What is the hundred thousands digit of 15601233?
6
What is the hundreds digit of 211239?
2
What is the hundreds digit of 4904832?
8
What is the units digit of 982463?
3
What is the tens digit of 778271?
7
What is the hundreds digit of 1190693?
6
What is the millions digit of 14975712?
4
What is the tens digit of 9180414?
1
What is the millions digit of 2381280?
2
What is the ten thousands digit of 9455600?
5
What is the units digit of 605576?
6
What is the hundreds digit of 6283105?
1
What is the thousands digit of 104559?
4
What is the hundreds digit of 2489523?
5
What is the thousands digit of 264295?
4
What is the thousands digit of 975538?
5
What is the tens digit of 14117847?
4
What is the ten millions digit of 14095787?
1
What is the hundred thousands digit of 7431518?
4
What is the tens digit of 9972695?
9
What is the units digit of 1978023?
3
What is the hundreds digit of 10435722?
7
What is the thousands digit of 704445?
4
What is the millions digit of 1676559?
1
What is the ten thousands digit of 157714?
5
What is the thousands digit of 125568?
5
What is the hundreds digit of 3142721?
7
What is the millions digit of 29361410?
9
What is the ten thousands digit of 192000?
9
What is the hundred thousands digit of 22231977?
2
What is the thousands digit of 2119016?
9
What is the hundreds digit of 998400?
4
What is the hundred thousands digit of 309908?
3
What is the hundred thousands digit of 684197?
6
What is the hundreds digit of 21958?
9
What is the units digit of 1464455?
5
What is the tens digit of 6077011?
1
What is the millions digit of 1074645?
1
What is the ten thousands digit of 228134?
2
What is the thousands digit of 191125?
1
What is the ten thousands digit of 4406792?
0
What is the units digit of 75774?
4
What is the millions digit of 1542080?
1
What is the hundreds digit of 18279146?
1
What is the thousands digit of 4240871?
0
What is the ten thousands digit of 33685529?
8
What is the ten thousands digit of 163622?
6
What is the thousands digit of 8272470?
2
What is the thousands digit of 755264?
5
What is the units digit of 3720724?
4
What is the ten thousands digit of 10912443?
1
What is the thousands digit of 21786602?
6
What is the tens digit of 286567?
6
What is the millions digit of 8002968?
8
What is the hundreds digit of 6805509?
5
What is the millions digit of 5496302?
5
What is the millions digit of 7790952?
7
What is the ten thousands digit of 6607846?
0
What is the units digit of 252146?
6
What is the units digit of 575867?
7
What is the ten thousands digit of 15012588?
1
What is the hundreds digit of 6631404?
4
What is the hundreds digit of 146517?
5
What is the millions digit of 1373014?
1
What is the hundred thousands digit of 567759?
5
What is the ten thousands digit of 177722?
7
What is the ten thousands digit of 962946?
6
What is the tens digit of 150436?
3
What is the tens digit of 4032979?
7
What is the hundreds digit of 1419182?
1
What is the hundred thousands digit of 655969?
6
What is the hundred thousands digit of 453131?
4
What is the hundreds digit of 7036965?
9
What is the ten thousands digit of 5291283?
9
What is the millions digit of 24431019?
4
What is the ten thousands digit of 89813?
8
What is the ten thousands digit of 271238?
7
What is the millions digit of 11379095?
1
What is the thousands digit of 89342?
9
What is the hundred thousands digit of 20779324?
7
What is the units digit of 3841280?
0
What is the hundreds digit of 2928330?
3
What is the thousands digit of 434992?
4
What is the millions digit of 25252076?
5
What is the thousands digit of 601342?
1
What is the hundreds digit of 1129148?
1
What is the hundreds digit of 151795?
7
What is the ten thousands digit of 180612?
8
What is the hundred thousands digit of 3495217?
4
What is the units digit of 366380?
0
What is the tens digit of 192695?
9
What is the tens digit of 447373?
7
What is the tens digit of 373906?
0
What is the hundreds digit of 236335?
3
What is the hundreds digit of 1435286?
2
What is the tens digit of 2018708?
0
What is the units digit o